- 8 + k**2 - 7*k**2 + 10*k. Calculate the remainder when 45 is divided by t(6).
13
What is the remainder when 29 is divided by ((0 - 5) + 0)/(0 + -1)?
4
Let w = -11 + 15. Suppose -w*n + 97 = -31. Calculate the remainder when n is divided by 17.
15
Suppose -n - 1 = -7. What is the remainder when 8 is divided by n?
2
Let z(i) = -5*i + 6. Suppose -h - 4*h + 3*f - 5 = 0, -4*f - 20 = 0. Calculate the remainder when z(h) is divided by 7.
5
Suppose -3*l = -8*l. Suppose -2*i + 45 + 1 = l. Calculate the remainder when 45 is divided by i.
22
Suppose -4*f + 0*m + 2*m = -22, 2*m = -f + 3. Suppose 4*u - 3*g = 179, -f*u + 2*g + 0*g = -229. What is the remainder when u is divided by 16?
15
Suppose 20 = -j + 5*j. Suppose -j*f + 80 = 5*x, 0*f + 49 = 3*f + 2*x. Calculate the remainder when 30 is divided by f.
13
Suppose -2*w = -4*g - 16, 2 + 3 = w - g. Let m(k) = -6 - 2*k - w*k + 2*k. What is the remainder when 15 is divided by m(-7)?
7
Suppose -2*z + 285 = -7*z. Suppose 5*f = 25, 6*f - 3*f = -v + 121. Let l = z + v. What is the remainder when l is divided by 13?
10
Calculate the remainder when 15 is divided by -1 + (5 + -4)*10.
6
Let v(m) = 5*m - 36. Suppose 0 = h - 2*r - 13 - 9, -h = 2*r - 26. What is the remainder when v(21) is divided by h?
21
Let g(h) = 17*h + 10. What is the remainder when g(3) is divided by 16?
13
Suppose -z - 102 = -k, -4*k - 326 = -7*k - z. Calculate the remainder when k is divided by 18.
17
Let b(n) = -n**3 - 2*n**2 + 11*n. Let r(y) = 2*y**3 + y**2. What is the remainder when b(-6) is divided by r(2)?
18
Let f = 9 - 21. What is the remainder when 21 is divided by 9 - -4*9/f?
3
Suppose 13 = 2*j - 5*v, -4*v = -4 - 0. Calculate the remainder when 12 is divided by j.
3
Let n(o) = o - 1. Let s(a) = -4*a - 4. Let f(t) = 4*n(t) - s(t). Let b = -5 - -8. What is the remainder when f(1) is divided by b?
2
Let w(v) = -14*v - 46. Calculate the remainder when 150 is divided by w(-6).
36
Suppose -c = -3*y + c - 19, -2 = 4*y + 2*c. Let t(g) = g**2 - 3*g + 4. What is the remainder when t(y) is divided by -1 + -1 + (14 - 0)?
10
Suppose -65 = 4*d - 513. Suppose 2*b - d = -6*s + 3*s, -2*s = -3*b - 53. Let f(r) = 5*r - 2. Calculate the remainder when s is divided by f(4).
16
Suppose 3*p + 112 = -v, -3*p + v + 3*v - 92 = 0. Let m = 0 - p. Calculate the remainder when m is divided by 19.
17
Let i = 4 - 7. What is the remainder when 17 is divided by (-2)/(2/(-9)) + i?
5
Suppose 2*m = -0*m + 14. Suppose 0 = -0*l - 3*l + 24. Calculate the remainder when l is divided by 2/(-4) + m/2.
2
Let f(h) be the second derivative of -h**5/20 - 5*h**4/6 - 5*h**3/3 - h**2/2 - h. Calculate the remainder when 14 is divided by f(-9).
6
Suppose -32*x = -24*x - 96. Calculate the remainder when (4 - 2)/(4/94) is divided by x.
11
Let m(v) = v**3 + 7*v**2 + 6*v + 3. Let f be m(-6). Let d = f + 1. Calculate the remainder when d is divided by 2.
0
Let n = 66 - 45. Calculate the remainder when n is divided by 12.
9
Let s be 0 - -2*(-27)/(-6). Suppose -b + 13 = 3*h, s = 5*h + 24. What is the remainder when b is divided by 6?
4
Suppose -5*u + 0*u + 30 = 0. Calculate the remainder when (14/2)/((-7)/105*-5) is divided by u.
3
Suppose 2*h + 5*p = 22, -2*h - h = p - 7. Calculate the remainder when 5 is divided by h.
0
Suppose -6*h + 2*h = -92. Let q(k) = 3*k**2 - 3*k + 3. What is the remainder when h is divided by q(2)?
5
Suppose -85 = -4*d - d. What is the remainder when 67 is divided by d?
16
Let o = -78 + 258. Suppose 4*d - o = 104. Calculate the remainder when 4/16 - d/(-4) is divided by 10.
8
Suppose d - 14 = 15. Let b = 36 - 26. What is the remainder when d is divided by b?
9
What is the remainder when 68 is divided by ((-1200)/(-22))/3 - 6/33?
14
Let t = 8 - 4. What is the remainder when 13 is divided by t?
1
Let t(a) = -a**2 + 4*a - 10. Let g be t(-5). What is the remainder when g/(2/(-2 - 2)) is divided by 28?
26
What is the remainder when (39/2)/((-2)/(-4)) is divided by 14?
11
What is the remainder when 24 is divided by ((-7)/(-28))/(1/20)?
4
Suppose 2*t = -4, 0*u = u - 4*t - 47. Calculate the remainder when 194 is divided by u.
38
Suppose 6*r + 103 = 289. Calculate the remainder when r is divided by 14.
3
Suppose 5*u - 2*u + 2*g - 2 = 0, -3*u = 5*g + 13. Suppose 0 = l + 2, -56 = -u*r + 2*l. Calculate the remainder when 24 is divided by r.
11
Let q be 17 + 1 + 2/(-1). Calculate the remainder when 23 is divided by (1 + 4)*q/10.
7
Suppose 0*n - n = -20. What is the remainder when 37 is divided by n?
17
Let q be ((-8)/6)/(4/(-6)). Suppose q*n + 4*a - 94 = 0, 4*n - 2*n - 121 = 5*a. What is the remainder when n is divided by 14?
11
Suppose -2*o + 309 = 79. Calculate the remainder when o is divided by 29.
28
Suppose -170 = -5*c + 4*p - 9*p, -5*c + 140 = -p. Let t(w) = -3*w. What is the remainder when c is divided by t(-5)?
14
Suppose 0 = 2*g - 4*g + 142. Let z be 0/(-3) - (1 - g). Suppose 4*n = -n, n - z = -5*y. What is the remainder when y is divided by 8?
6
Let m(w) = w**2 + 8*w - 8. What is the remainder when 44 is divided by m(-10)?
8
Let r = 10 - -21. Suppose -5 - r = -3*c. What is the remainder when 34 is divided by c?
10
Let g = 10 + -5. Suppose r = -3*a + 27, 0*a = 3*r + a - 65. Let y = r + -12. Calculate the remainder when y is divided by g.
4
Suppose 3 = -k + 3*n + 51, 5*n = -2*k + 63. Calculate the remainder when k is divided by 8.
7
Suppose 9*u + 3*n = 4*u + 491, 289 = 3*u - n. Calculate the remainder when u is divided by 25.
22
Let a(m) = -m**3 - 6*m**2 - 8*m - 1. Calculate the remainder when a(-5) is divided by 4.
2
Let z(p) = p**3 + 4*p**2 + p + 4. Let w(k) = -5*k + 1. Let y be w(1). Let v be z(y). Suppose v*t + 2*t = 42. Calculate the remainder when t is divided by 11.
10
Suppose 3*c + 1 = 5*z + 2, 2*z - 43 = -5*c. Suppose 0*n = -4*n + 12. Calculate the remainder when c is divided by n.
1
Suppose 0 = 2*c - 1 - 25. Calculate the remainder when 63 is divided by c.
11
Let k = -12 + 36. Let g(o) = -9*o - 6. Let l be g(-5). Suppose 0 = 5*z - 26 - l. Calculate the remainder when k is divided by z.
11
Let v(j) = j**3 + 3*j**2 - 11*j + 7. What is the remainder when 40 is divided by v(-5)?
4
Suppose -2*r - 3*r = -5*s - 20, 0 = -4*s + r - 4. Suppose -3*n + 26 + 22 = s. What is the remainder when 62 is divided by n?
14
Let x = 6 - 0. Calculate the remainder when x is divided by 2.
0
What is the remainder when 59 is divided by (5 - 3)/(1/6) + 0?
11
Let t = -33 - -43. Calculate the remainder when 27 is divided by t.
7
Suppose -4*d - 4*f + 28 = 0, 3*d - 27 = -f - 0*f. Let a(i) = -i**3 + 3*i**2 + 2*i - 4. What is the remainder when d is divided by a(2)?
2
Suppose -2*s = -4*s + 136. Let q = 911 - 888. Calculate the remainder when s is divided by q.
22
Let t be -12 + 4 + 2*1. Calculate the remainder when 43 is divided by (-75)/t*(-18)/(-15).
13
Calculate the remainder when 98 - 5 - -2*2 is divided by 14.
13
Suppose -z + 11 = 5*q - 2*z, 2*q - 18 = -3*z. Suppose 0 = q*r + 3 - 45. Let k(j) = j**3 + 5*j**2 + 3*j + 4. Calculate the remainder when r is divided by k(-4).
6
Suppose -4*b = -2*f - 166, 3*b + f - 125 = 2*f. Let u(g) = g**2 + 5*g - 2. What is the remainder when b is divided by u(3)?
20
Let b be (22/(-6))/(1/(-12)). Suppose -z - b = -5*z. Suppose 0*y = -y + 21. What is the remainder when y is divided by z?
10
Let l(m) = -m**3 - 2*m**2 - 2*m + 2. Let d be l(-3). Suppose 2 = -5*o + d. Suppose 0*q = o*q - 39. What is the remainder when 25 is divided by q?
12
Suppose -3*o - 5 - 4 = 0. Calculate the remainder when 6 is divided by 0/3 - 1*o.
0
Let n(t) = 9*t + 12. Let u be n(10). Let a = u + -2. Suppose -4*g + a = g. Calculate the remainder when g is divided by 11.
9
Suppose 4*m + y - 13 = 3*m, 5*y = 3*m + 1. What is the remainder when 29 is divided by m?
5
Suppose -3*m + 12 + 3 = 0, 0 = 2*p - 4*m + 10. Suppose 0 = 5*b + 4*x - 7, 2*b + b - 4*x - 17 = 0. What is the remainder when p is divided by b?
2
Let w(p) = -15*p - 4. Let y be w(-3). Calculate the remainder when ((-3)/6)/((-3)/150) is divided by 6/(-9) - y/(-3).
12
Suppose -y - 13 = -3*h, -3*y + 7*y - 2*h = -22. Let q be 2*1 - (-24)/y. What is the remainder when q/(-2) - (-15)/1 is divided by 9?
8
Let y(i) = i + 25. Suppose 3*b - 4*g = 52, 11 = 5*b - 4*b + 5*g. What is the remainder when b is divided by y(-16)?
7
Let v(r) = -r**